710071 composite?
True
Is 77535251 prime?
False
Is 296068495 a composite number?
True
Is 8636263 a prime number?
True
Is 10886299 a prime number?
True
Is 1998881 composite?
False
Is 2825909 prime?
False
Is 11071531 a prime number?
True
Is 3007051 composite?
True
Is 1011580369 a composite number?
False
Is 45780499 prime?
False
Is 69587989 prime?
True
Is 128336231 prime?
True
Is 8676023 prime?
False
Is 34724257 a prime number?
False
Is 5149829 composite?
False
Is 10992741 composite?
True
Is 58679 composite?
False
Is 16509481 prime?
True
Is 39285247 prime?
False
Is 15412237 composite?
False
Is 4238926 composite?
True
Is 5921911 a prime number?
False
Is 765101 a prime number?
False
Is 12185309 composite?
False
Is 26636293 a prime number?
True
Is 15209318 a prime number?
False
Is 384074369 prime?
False
Is 34632095 a prime number?
False
Is 4854461 a prime number?
False
Is 19198351 prime?
True
Is 382507541 prime?
False
Is 43752955 a prime number?
False
Is 151221733 composite?
True
Is 13003915 prime?
False
Is 123919111 a composite number?
False
Is 16578139 a prime number?
False
Is 23775782 composite?
True
Is 1795621 a prime number?
True
Is 209123 prime?
True
Is 1018331 a composite number?
True
Is 1931177 a prime number?
True
Is 3436501 a prime number?
True
Is 348039707 a composite number?
False
Is 1485984403 composite?
True
Is 2368373 a composite number?
True
Is 2750557 prime?
True
Is 7056949 composite?
False
Is 82255937 a composite number?
False
Is 18672055 a prime number?
False
Is 24267667 a composite number?
False
Is 13827337 a prime number?
True
Is 316073641 a prime number?
False
Is 1400543 a composite number?
False
Is 148132153 prime?
False
Is 1022341 a prime number?
True
Is 42701899 composite?
True
Is 126010751 a composite number?
False
Is 114627163 composite?
True
Is 598992731 a composite number?
False
Is 5838887 composite?
False
Is 10753207 a prime number?
False
Is 173015 a composite number?
True
Is 112673 a composite number?
True
Is 179833 a prime number?
True
Is 461157 prime?
False
Is 17567059 composite?
True
Is 64772833 prime?
False
Is 681338249 prime?
True
Is 50679809 prime?
False
Is 1911839 a prime number?
True
Is 32406037 a composite number?
True
Is 29378719 a composite number?
False
Is 4629259 a composite number?
True
Is 55354709 prime?
True
Is 20703503 a composite number?
False
Is 46514129 a composite number?
False
Is 1677542 a prime number?
False
Is 17665469 a prime number?
False
Is 1852909 prime?
True
Is 17811839 composite?
False
Is 6802531 prime?
False
Is 372450691 composite?
False
Is 217361819 prime?
False
Is 3210803 prime?
True
Is 31189637 a prime number?
False
Is 7496449 a composite number?
False
Is 67693621 prime?
True
Is 19591699 a composite number?
True
Is 22981373 a prime number?
False
Is 1231961 a prime number?
True
Is 5342381 prime?
False
Is 7374929 a composite number?
False
Is 3347599 prime?
True
Is 44043943 prime?
True
Is 53742883 a prime number?
True
Is 238115 prime?
False
Is 50261653 a prime number?
False
Is 6276671 composite?
False
Is 149187799 composite?
False
Is 5799929 a composite number?
False
Is 148027657 prime?
True
Is 43498621 a composite number?
False
Is 96007591 a prime number?
True
Is 358417 prime?
True
Is 1058531351 a prime number?
True
Is 6514021 a composite number?
False
Is 70565897 composite?
True
Is 7403593 a prime number?
True
Is 67112423 composite?
True
Is 27776269 a composite number?
False
Is 59951033 prime?
False
Is 39323503 composite?
True
Is 537387859 composite?
True
Is 381368093 composite?
False
Is 243695269 a prime number?
False
Is 8951939 composite?
False
Is 19729363 a composite number?
False
Is 621613 prime?
False
Is 296970911 prime?
True
Is 5596301 a composite number?
False
Is 1915867 composite?
True
Is 50109533 a composite number?
True
Is 153066083 composite?
False
Is 11163527 composite?
True
Is 112351741 prime?
True
Is 8228639 a prime number?
False
Is 39695077 a prime number?
False
Is 270939 prime?
False
Is 37087213 a composite number?
True
Is 6727249 prime?
True
Is 23177071 composite?
False
Is 35882993 prime?
False
Is 10657903 composite?
False
Is 39000961 prime?
True
Is 9142229 a composite number?
False
Is 24791833 a composite number?
True
Is 23836913 a composite number?
False
Is 150189799 prime?
False
Is 1539847 composite?
False
Is 14294591 composite?
True
Is 2290787 composite?
True
Is 384152851 a composite number?
True
Is 14793157 a prime number?
True
Is 5589058 composite?
True
Is 143768477 composite?
False
Is 208977842 a prime number?
False
Is 2537459 a prime number?
True
Is 6214733 a composite number?
True
Is 2592203 composite?
True
Is 24678089 a composite number?
False
Is 1009411 a prime number?
False
Is 40375417 prime?
True
Is 68913829 composite?
True
Is 109077313 a prime number?
False
Is 312934777 a composite number?
False
Is 61406959 composite?
True
Is 40381559 a prime number?
False
Is 11920691 prime?
True
Is 157427509 prime?
True
Is 24063779 prime?
True
Is 185680609 prime?
True
Is 112771 composite?
False
Is 4229921 composite?
False
Is 156255433 prime?
True
Is 105070291 prime?
True
Is 157058063 prime?
True
Is 44772269 a prime number?
True
Is 29317359 a prime number?
False
Is 451024901 composite?
False
Is 211073593 a composite number?
False
Is 1903091 prime?
True
Is 3688457 a composite number?
True
Is 23691443 a prime number?
True
Is 10401961 a prime number?
False
Is 83634113 prime?
True
Is 142354229 prime?
True
Is 1296167 a composite number?
False
Is 2223643 a prime number?
False
Is 6092005 composite?
True
Is 8469523 prime?
True
Is 7576769 a composite number?
False
Is 36154441 a prime number?
False
Is 153256931 composite?
False
Is 141171977 composite?
False
Is 17516167 a prime number?
True
Is 1175123 prime?
True
Is 19029397 composite?
False
Is 7767535 prime?
False
Is 1261915 a prime number?
False
Is 731567 a prime number?
True
Is 84453713 prime?
False
Is 21564629 a composite number?
True
Is 34832107 a prime number?
False
Is 18825101 prime?
True
Is 115126259 composite?
True
Is 2738201 prime?
True
Is 10268087 prime?
True
Is 2598811 a prime number?
True
Is 311455189 a composite number?
True
Is 66721997 composite?
False
Is 29206921 a prime number?
True
Is 4256873 a composite number?
True
Is 8154469 a prime number?
True
Is 845531 a composite number?
False
Is 1126098149 composite?
True
Is 78813951 a prime number?
False
Is 144069287 a composite number?
True
Is 6443837 prime?
True
Is 17798633 composite?
True
Is 1738909 prime?
True
Is 6000229 prime?
True
Is 58095563 a prime number?
True
Is 35463191 composite?
False
Is 15282323 a prime number?
False
Is 481637 composite?
True
Is 4012441 prime?
True
Is 213701 prime?
False
Is 12606833 composite?
True
Is 5554409 prime?
False
Is 8078579 composite?
False
Is 16475731 a prime number?
False
Is 2204695 composite?
True
Is 17490233 a composite number?
True
Is 2362663 prime?
False
Is 62509397 a prime number?
True
Is 3446699 a prime number?
False
Is 817507 a prime number?
False
Is 120945542 prime?
False
Is 3165133 composite?
False
Is 13287779 a prime number?
True
Is 90464713 prime?
False
Is 7300673 a prime number?
True
Is 44386913 a prime number?
True
Is 2419009 a prime number?
False
Is 3921079 prime?
True
Is 1093573 a composite number?
True
Is 2378333 prime?
False
Is 21570599 composite?
False
Is 123107777 composite?
True
Is 10395691 composite?
False
Is 367969 composite?
True
Is 5652071 a prime number?
False
Is 10370233 a composite number?
True
Is 139331477 prime?
True
Is 1848109 composite?
True
Is 12554033 prime?
False
Is 25490021 prime?
False
Is 12898673 a composite number?
False
Is 79422307 prime?
True
Is 257512457 composite?
False
Is 436946117 a prime number?
True
Is 528559 composite?
False
Is 3614717 a prime number?
False
Is 137578547 a composite number?
False
Is 30475381 a composite number?
True
Is 5699357 prime?
True
Is 3740837 a prime number?
True
Is 281946541 composite?
False
Is 4472747 a prime number?
True
Is 3863887 prime?
True
Is 5775578 prime?
False
Is 1216153 a prime number?
False
Is 916733 composite?
False
Is 32670161 a composite number?
False
Is 5632057 composite?
True
Is 273096523 a composite number?
True
Is 4631719 prime?
True
Is 379757 prime?
False
Is 340763 prime?
False
Is 3541249 a composite number?
False
Is 345827137 composite?
F